 Determine y(3).
4
Let y(n) = 5*n - 10. Let a be y(5). Let j be 10*3*(-3)/a. Let m(r) = r**2 + 6*r + 2. What is m(j)?
2
Let c(b) = b**2 - 8*b + 5. Let w be 3 - (-2 + 10/5). Suppose -2*q = -w*q + 6. Determine c(q).
-7
Let s = -8 + 13. Suppose 4*y - s*y + 2 = 0. Suppose y = -5*f + 17. Let a(n) = n + 3. Calculate a(f).
6
Let k = 17 + -11. Let v(r) = r**2 + k*r + 5*r**2 + 3 - 5*r**2. Suppose 4*f - 4*b = -36, 0 = -f - 0*f + 4*b - 18. Calculate v(f).
3
Let m(u) = 2*u**2 + 19*u - 4. Let d(h) = -3*h**2 - 31*h + 7. Let b(w) = -3*d(w) - 5*m(w). Give b(-4).
-9
Let a(f) = f**3 + f**2 + f - 1. Let c(g) = -g**3 - 20*g**2 - 21*g + 3. Let q(v) = -2*a(v) - c(v). Let w be q(19). Let r(k) = -3*k**2 + k. What is r(w)?
-4
Let b(k) = -k**3 - 4*k**2 - 4*k - 2. Let p(y) = -y**3 + 9*y**2 - 8*y + 7. Let v = 23 - 15. Let d be p(v). Let r = 4 - d. Give b(r).
1
Let z be (12/24)/(1/6). Let g(q) be the second derivative of -q**3/3 - 2*q**2 - 4*q. Determine g(z).
-10
Let y(w) = w**2 - w - 3. Let v(s) = -s**3 - 2*s**2 + 5*s + 14. Let i(n) = -v(n) - 4*y(n). Determine i(2).
-4
Let s be ((-8)/14)/(12/(-42)). Let i = -5 + 7. Let v(o) = -9 - o + 3*o**2 + 2*o + i - 2*o**3 + 5. What is v(s)?
-4
Let s(g) = -g**2 - 8*g - 5. Let b(w) = 2*w**2 + 16*w + 10. Let o(d) = d**2 + 8*d + 5. Let h(r) = -4*b(r) + 7*o(r). Let f(z) = -3*h(z) + 2*s(z). Determine f(-6).
-7
Let r(d) be the first derivative of -d**3/3 + 5*d**2/2 + 4*d - 272. Determine r(8).
-20
Let r(y) be the second derivative of -y**4/12 - y**3/6 + 21*y**2/2 - 455*y. Give r(-5).
1
Let m = 10 + -6. Let o be (2 - 1)*-3 + 6. Let f(b) = 9 - m + b + 2*b**3 - b**o + b**2 - 1. Give f(0).
4
Let j(u) = -18*u - 7*u + 17*u. Give j(-1).
8
Let a(s) be the second derivative of -s**4/12 + s**3/2 - s**2 + 15*s. Let k be a(4). Let n(d) = d**2 + 6*d - 8. What is n(k)?
-8
Let x(i) = 4*i - 5*i + 44 + 0*i + 4*i - 9. Determine x(-9).
8
Let c(p) = -2*p - 23. Let o be c(-13). Suppose 4*k + o*g - 35 = -2*g, 2*k = g + 21. Suppose 0 = -2*w + k - 0. Let d(b) = -b**2 + 7*b - 4. What is d(w)?
6
Let x = 27 + -30. Let n(d) = -d - 1. Let f(t) = -t - 1. Let j(a) = -7*f(a) + 5*n(a). Calculate j(x).
-4
Let m(f) be the first derivative of 1/3*f**3 - 4 + 0*f**2 + f. What is m(1)?
2
Suppose 0 = -4*g + 12 - 20. Let i(k) = -3*k + 4. Give i(g).
10
Let f(y) = -y - 1. Suppose s + 5 = 13. Let m be (-2)/s*(-6 + 10). What is f(m)?
0
Let s(n) = -617*n**3 + 306*n**3 + 6 - 5*n + 9*n**2 + 310*n**3 + 7. Determine s(9).
-32
Let d(t) = -15*t**2 + 1. Let i(h) = -2*h - 18. Let n be i(-11). Suppose -3*f + s + 5 = 0, 3*f = -f + n*s + 12. Determine d(f).
-14
Let n(y) = -2*y**3 - 15*y**2 - 7*y + 1. Suppose -11 = 2*t - 4*o + 7, 4*o + 24 = -4*t. What is n(t)?
1
Let n(g) = -g**2 - 8*g - 2. Suppose 0 = -2*m + m + 5*d + 2, 5*m = -4*d + 10. Suppose -m*o + 3 = y, 0*o + 3*o = -2*y + 1. Determine n(y).
5
Let b(p) be the first derivative of -p**6/360 - p**5/40 + p**4/8 + 2*p**3 - 3*p**2 - 13. Let j(h) be the third derivative of b(h). Give j(-4).
-1
Let l(k) = k**2 + 15*k + 14. Let q be (-3 + -5)*3/2. Calculate l(q).
-22
Let x(i) = i - 9. Suppose 7*c - 85 = 2*c. Let d = c - 8. Give x(d).
0
Let a(x) = 7*x**2 - 12*x**2 + 0*x + 5*x**2 - 2*x - x**2 + 7. Calculate a(-5).
-8
Suppose 20 = -4*b + 4. Let h(r) be the third derivative of -4*r**2 + 0*r + 0 - 1/24*r**4 - 5/6*r**3. Give h(b).
-1
Let h(b) = b**3 - 8*b**2 + 5*b + 20. Let n be h(7). Let c(k) = -6 - 2*k**2 - 5*k + 2*k**2 + k**2. What is c(n)?
0
Let c be (4/6)/((-2)/(-6)). Let h = -451 + 455. Let s(j) = -c + 11 + j - h. What is s(0)?
5
Let u be 21/6 - 29/58. Let c(x) = x**3 - x**2 - 4*x + 1. What is c(u)?
7
Let i(s) = -5 + 9 - 1326*s + 1329*s. Determine i(9).
31
Let z(l) = -l**3 - 5*l**2 - 2*l + 1. Let a(f) = f**3 - 6*f**2 - f + 8. Let s be a(6). Suppose s*p = 3*p + 3. Let d be p + (1 + -1 - 0). What is z(d)?
-11
Suppose 54*x + 36 = 42*x. Let n(o) = o + 3. What is n(x)?
0
Let k(z) = 2*z**2 + 3*z + 1. Let q(l) = -7*l**2 - 35*l + 63. Let a(s) = 4*k(s) + q(s). Determine a(20).
7
Let x(p) = -p + 7. Let o(d) = -2*d**2 - 11*d + 2. Let q be o(-8). Let s be (q/4 + 0)*2. Let j = s + 19. What is x(j)?
7
Let m be (2/8)/(((-21)/(-24))/7). Let z(p) = -3 - p**3 + 2 - 6*p + 9*p + 2 + 3*p**m. Give z(4).
-3
Let k(l) be the second derivative of -l**6/120 + 7*l**5/60 - 5*l**4/24 - 7*l**3/6 - 5*l**2 + 8*l. Let v(a) be the first derivative of k(a). Calculate v(6).
-1
Let u(h) = h + 1. Let y = 99 - 94. Suppose -4*d - 2 = -y*b + 24, -d + 6 = 5*b. Give u(b).
3
Let m(b) = b**2 + 3*b + 1. Let y(o) be the third derivative of o**6/120 + o**5/12 + 7*o**4/24 + 5*o**3/3 + o**2. Let x be y(-4). Determine m(x).
-1
Let t(k) = -k**2 + 4*k - 3. Let f be t(2). Let a be f/2*6/1. Let c(s) = -11*s - 2*s + 3*s + 11*s + 3. What is c(a)?
6
Let j be ((-165)/44)/((-1)/4). Let u(a) = -a**2 - j*a - 2 - 1 + 22*a - 5. Let b be 2/4 - (-22)/4. Calculate u(b).
-2
Let y(t) = t**2 + 12*t - 31. Let u be ((-10)/200*-10)/((-2)/56). Calculate y(u).
-3
Let q(v) = 0 - 34*v + 37*v - 3. Let u be q(3). Let j(n) = -2*n**2 + 7*n**2 - n**3 + 7*n - 2*n**2 + 2*n**2 - 3. Determine j(u).
3
Let u(k) be the third derivative of -k**6/120 + k**4/24 - 8*k**3/3 - 194*k**2. Give u(0).
-16
Let i(n) = 7*n**2 + 5*n - 5. Let j(m) = 10*m**2 + 7*m - 7. Let a(g) = 7*i(g) - 5*j(g). Let d(l) = -2 - l + 3 + 2. Let f be d(5). Give a(f).
-4
Let b(f) be the third derivative of -f**5/60 + 25*f**4/24 + 10*f**3/3 - 14*f**2. Let k be b(26). Let u(v) = v**2 + 5*v + 1. Give u(k).
7
Let r be 45/3 + -3 + 5 + -12 + 2. Let g(x) = -6*x**2 - 7*x + 3 + 0 + x**3 + 1. What is g(r)?
4
Let r be ((-180)/700*-7)/((-6)/40). Let q(k) = -5*k - 14. Determine q(r).
46
Let x(t) = t**2 + 4*t + 2. Let q be 1/((-75)/180) - 2/(-5). Determine x(q).
-2
Let a(p) be the third derivative of 5/24*p**4 + 0 - 1/60*p**5 - 11*p**2 - 2/3*p**3 + 0*p. Suppose -9 = -3*r + 6. Calculate a(r).
-4
Suppose 9*u - 8 = 91. Suppose 0 = -f + i + 4*i + 3, -5*f - i - u = 0. Let t(w) = -2*w - 3. Give t(f).
1
Let k be (-26 + 25)*-5*(1 - 2). Let m be (-3)/(0 - -3)*5. Let c = k - m. Let z(y) = y + 7. Calculate z(c).
7
Let c(s) = -s**3 - s**2 + s + 8. Let i be 6/(-20) + (-24)/(-80). Calculate c(i).
8
Let u(d) = -14*d**2 - d. Let s = -20 - -15. Let t be s + 1 - (-4)/(-2). Let c be (t/(-4))/(-3)*2. Determine u(c).
-13
Let c(y) = -2*y**2 - 6*y - 11. Let v(m) = m**2 + 6*m + 10. Let w(s) = -3*c(s) - 4*v(s). Let d = 8 + -3. Give w(d).
13
Let q(v) = -v**3 + 16*v**2 + 16*v + 12. Suppose 276 = 47*h - 523. Determine q(h).
-5
Let w(k) be the third derivative of -k**2 - 1/120*k**6 + 0*k + 1/20*k**5 - 17 - 1/8*k**4 - 1/2*k**3. Let i be 38/14 + (-2)/(-7). Determine w(i).
-12
Let b(d) be the second derivative of 9*d**5/10 + d**4/6 + d**3/3 + d**2/2 + 7*d + 2. Calculate b(-1).
-17
Suppose 0 = 5*j - 3*j. Suppose 3 = 3*v - j. Let m(f) = -5*f + 2. Let d be m(v). Let p(s) = -s**2 - 3*s + 1. Calculate p(d).
1
Let p be (2/6)/((-4)/36). Let v = 2 - p. Let o(x) = -x**3 + 2*x + 3*x - x**2 + v*x**2. Give o(5).
0
Let w(g) = g**3 + g**2 + 8*g - 7. Let k(y) = -y**3 - 7*y + 7. Let t(c) = 6*k(c) + 5*w(c). Determine t(5).
-3
Suppose -5*j = -5*t + 10 + 15, 2 = 4*t + 2*j. Let o(u) = u + 2 - 2*u - 3*u**2 + 12*u**t - 1. What is o(1)?
9
Let t(p) be the second derivative of p**7/2520 - p**6/720 + p**5/120 - 13*p**4/12 - 14*p. Let h(z) be the third derivative of t(z). Calculate h(-2).
7
Suppose l = -3*l. Let i be 6 + 7/((-21)/6). Suppose 16 = i*w - l*w. Let n(t) = 2*t**2 - 6*t + 3. Give n(w).
11
Let b(y) = y**3 - 5*y**2 - 9*y + 14. Suppose -4*k = 5*g - 38, -308*k = 4*g - 304*k - 32. Calculate b(g).
-4
Let c(k) = -4*k - 15. Let h be (-364)/65 + 2/(-5). Let m be c(h). Let b(w) = -w**2 + 7*w + 13. Calculate b(m).
-5
Suppose c - 17 + 14 = 2*n, 5*c + 2*n = -33. Let t(j) = j - 1. Give t(c).
-6
Suppose -5*j = -0*j - 20. Suppose 9*q - 30 = j*q. Let g(l) = 0 - 1 - l - q*l**2 - l**2 + 2*l**2. Determine g(-1).
-5
Let p be 1 - ((0 - -1) + -3). Let d(u) = 62 - u**2 - 16 - 16 - 11 - 15 + 2*u. Determine d(p).
1
Let v(f) = 3*f + 2*f**2 + 3*f - 4 - 3*f**2. Let w(h) = h**3 - 4*h**2 + 4*h - 3. Let m be w(2). Let a(s) = -5*s - 12. Let r be a(m). Calculate v(r).
5
Suppose -157*i = -153*i + 24. Let s(p) = p**2 + 7*p - 1. Calculate s(i).
-7
Let w(l) be the second derivative of 0 + 1/20*l**5 + 14*l + 5/6*l**3 + 3/2*l**2 - 5/12*l**4. Let f be 2/(3/(-6) + 1). C